or of 510 and 2210?
170
What is the highest common divisor of 29238 and 66?
66
Calculate the greatest common factor of 60 and 45.
15
Calculate the highest common divisor of 66 and 363.
33
Calculate the highest common factor of 297 and 783.
27
What is the highest common factor of 119 and 14?
7
What is the highest common divisor of 4807 and 836?
209
Calculate the highest common factor of 15 and 1002.
3
What is the greatest common divisor of 106 and 2173?
53
What is the highest common divisor of 248 and 589?
31
Calculate the greatest common factor of 748 and 238.
34
Calculate the greatest common divisor of 279 and 775.
31
Calculate the highest common factor of 9702 and 252.
126
Calculate the highest common divisor of 1705 and 55.
55
Calculate the greatest common divisor of 480 and 3040.
160
What is the greatest common divisor of 99 and 143?
11
Calculate the highest common divisor of 11979 and 99.
99
Calculate the highest common factor of 4107 and 111.
111
Calculate the highest common factor of 620 and 40.
20
What is the highest common divisor of 136 and 104176?
136
What is the greatest common divisor of 20 and 48940?
20
Calculate the highest common divisor of 1270 and 30.
10
What is the highest common divisor of 18856 and 16?
8
Calculate the highest common divisor of 112 and 3640.
56
Calculate the greatest common divisor of 152 and 2071.
19
Calculate the greatest common factor of 18 and 12.
6
Calculate the highest common factor of 18 and 351.
9
Calculate the greatest common factor of 15039 and 81.
27
Calculate the greatest common divisor of 3504 and 720.
48
Calculate the greatest common factor of 1595 and 165.
55
What is the greatest common factor of 5963 and 356?
89
Calculate the highest common divisor of 15057 and 239.
239
Calculate the greatest common factor of 3312 and 216.
72
What is the highest common divisor of 756 and 54?
54
Calculate the highest common factor of 2041 and 52.
13
Calculate the highest common divisor of 3605 and 21.
7
What is the highest common factor of 59 and 1475?
59
What is the highest common factor of 267 and 979?
89
Calculate the highest common divisor of 4484 and 236.
236
What is the highest common divisor of 40 and 3750?
10
Calculate the greatest common divisor of 20 and 4580.
20
Calculate the highest common divisor of 28 and 2947.
7
What is the highest common divisor of 19 and 342?
19
What is the greatest common divisor of 3894 and 118?
118
Calculate the highest common factor of 116 and 4.
4
What is the greatest common divisor of 91 and 338?
13
What is the greatest common divisor of 1012 and 44?
44
Calculate the greatest common factor of 32 and 44944.
16
What is the highest common factor of 5370 and 120?
30
Calculate the greatest common factor of 93 and 9.
3
Calculate the greatest common divisor of 110 and 1430.
110
What is the greatest common factor of 93 and 6?
3
What is the greatest common divisor of 1007 and 19?
19
What is the greatest common divisor of 3577 and 14?
7
What is the highest common divisor of 1152 and 144?
144
What is the highest common factor of 46 and 1633?
23
What is the greatest common divisor of 31 and 1643?
31
Calculate the greatest common factor of 160 and 15.
5
What is the greatest common factor of 3500 and 364?
28
What is the greatest common divisor of 702 and 286?
26
What is the highest common factor of 236 and 3245?
59
What is the highest common factor of 3378 and 2?
2
Calculate the greatest common factor of 160 and 10.
10
What is the highest common factor of 640 and 40?
40
Calculate the highest common factor of 6 and 2706.
6
Calculate the highest common divisor of 2380 and 280.
140
Calculate the highest common factor of 16 and 62.
2
What is the greatest common divisor of 32 and 288?
32
What is the highest common factor of 775 and 125?
25
What is the highest common factor of 4 and 369?
1
Calculate the highest common factor of 648 and 60.
12
What is the highest common factor of 431 and 30601?
431
Calculate the greatest common divisor of 51 and 2805.
51
What is the highest common divisor of 5811 and 78?
39
Calculate the highest common divisor of 2220 and 15.
15
Calculate the greatest common factor of 1 and 11.
1
Calculate the greatest common divisor of 1955 and 4140.
115
What is the greatest common factor of 1160 and 8?
8
What is the greatest common factor of 95 and 152?
19
Calculate the greatest common factor of 657 and 72.
9
Calculate the greatest common factor of 144 and 138.
6
What is the highest common divisor of 423 and 47?
47
What is the highest common factor of 176 and 814?
22
Calculate the highest common divisor of 75 and 240.
15
What is the highest common factor of 8 and 1144?
8
What is the highest common factor of 404 and 4?
4
What is the greatest common divisor of 1628 and 44?
44
Calculate the highest common divisor of 1 and 25.
1
What is the highest common factor of 1212 and 12?
12
Calculate the highest common divisor of 12 and 618.
6
Calculate the highest common factor of 1568 and 48.
16
Calculate the greatest common divisor of 54 and 225.
9
Calculate the highest common factor of 712 and 40.
8
What is the highest common factor of 10 and 590?
10
What is the greatest common divisor of 266 and 304?
38
Calculate the greatest common divisor of 5 and 10.
5
What is the greatest common divisor of 9169 and 346?
173
Calculate the greatest common factor of 198 and 48.
6
What is the highest common divisor of 6 and 678?
6
Calculate the greatest common divisor of 4 and 18.
2
What is the highest common factor of 4 and 10992?
4
What is the highest common factor of 649 and 11?
11
What is the greatest common divisor of 32 and 4992?
32
Calculate the highest common factor of 65 and 45175.
65
What is the greatest common factor of 105 and 135?
15
What is the highest common factor of 880 and 165?
55
What is the highest common divisor of 800 and 425?
25
What is the highest common divisor of 60 and 5020?
20
What is the highest common divisor of 46 and 92?
46
Calculate the greatest common factor of 3509 and 29.
29
What is the greatest common factor of 39 and 104?
13
Calculate the greatest common factor of 136 and 216.
8
What is the highest common factor of 108 and 2?
2
Calculate the highest common factor of 425 and 117725.
425
Calculate the highest common factor of 535 and 30.
5
What is the greatest common divisor of 7257 and 984?
123
Calculate the greatest common factor of 48 and 72.
24
Calculate the highest common divisor of 11 and 5.
1
What is the greatest common factor of 66 and 286?
22
Calculate the highest common divisor of 99 and 759.
33
Calculate the greatest common divisor of 475 and 450.
25
Calculate the greatest common factor of 13430 and 255.
85
What is the greatest common divisor of 189 and 459?
27
Calculate the greatest common factor of 72 and 486.
18
Calculate the highest common factor of 534 and 34443.
267
Calculate the greatest common divisor of 12 and 4404.
12
What is the highest common factor of 24 and 12?
12
What is the highest common factor of 476 and 51?
17
Calculate the highest common factor of 27 and 4.
1
Calculate the highest common factor of 594 and 374.
22
What is the highest common divisor of 156 and 416?
52
Calculate the highest common factor of 46 and 12374.
46
Calculate the greatest common factor of 18 and 207.
9
Calculate the greatest common factor of 39 and 2938.
13
Calculate the highest common factor of 13 and 5616.
13
Calculate the highest common divisor of 125 and 35250.
125
What is the greatest common divisor of 44 and 33?
11
What is the greatest common divisor of 1572 and 12?
12
What is the greatest common factor of 35 and 365?
5
Calculate the highest common divisor of 406 and 602.
14
Calculate the greatest common divisor of 21654 and 36.
18
Calculate the highest common factor of 22 and 2.
2
Calculate the greatest common factor of 4428 and 164.
164
What is the greatest common divisor of 1104 and 1392?
48
What is the greatest common divisor of 21 and 12?
3
Calculate the greatest common divisor of 10 and 80.
10
Calculate the greatest common divisor of 21186 and 126.
18
Calculate the highest common factor of 949 and 26.
13
What is the highest common factor of 348 and 12?
12
What is the highest common factor of 72 and 108?
36
Calculate the greatest common factor 